9*k - 21*k. Let h be o(k). What is the tens digit of 55 + 0 + (-11)/h?
5
Let b = 1312 - 269. Suppose b + 221 = 4*o. Suppose -o = 19*l - 23*l. What is the tens digit of l?
7
Let a(s) = -2*s**3 - 37*s**2 + 64*s - 522. What is the thousands digit of a(-32)?
5
Suppose -15*i - 10*a + 705059 = -12*a, 2*a - 16 = 0. What is the ten thousands digit of i?
4
Let a = 20 + -5. Let y = a + 37. Suppose y = h - 39. What is the units digit of h?
1
Let w = -335 + 1257. Suppose -5*a - 4*u + w = -3*u, -4*u = -2*a + 382. Let d = a + -48. What is the tens digit of d?
3
Let r(d) = 231*d**3 + 10*d**2 + d - 26. What is the units digit of r(3)?
4
Let w(g) = -6*g**2 + 8*g. Let f be w(2). Let r be f/(-6) - (-14)/21. Suppose -l - 202 = -t, 2*l + r*l = -3*t + 613. What is the tens digit of t?
0
Suppose 5*h - 36 = 2*f - 5*f, 48 = 4*f - 2*h. Let s(k) be the first derivative of k**4/4 - 4*k**3 + 6*k**2 - 18*k - 45. What is the units digit of s(f)?
6
Let h be 44/10 - ((-18)/(-15))/3. Suppose -4*k + 2328 = -h*w, k - 3*k - 4*w = -1152. What is the units digit of k?
0
Suppose s + 4*t - 79 = 0, 2*s - 5*t + 23 = 155. Suppose s = u + 9. Suppose -4*m + u = -114. What is the units digit of m?
4
Let i = -2961 + 9370. What is the thousands digit of i?
6
Let x = -258 + 261. Let v be 3*5/((-45)/(-156)). Suppose 2*w = -5*y + 65, v = 3*y - 2*w - x. What is the tens digit of y?
1
Let d(k) = k**3 - 11*k**2 - k - 27. Let a be d(12). Let h = a - -168. What is the units digit of h?
3
Let m(n) = n**3 + 6*n**2 - 2. Let r be m(-6). Let u be -3 + 0 - (-57 + r). Let o = u - 50. What is the units digit of o?
6
Let s(u) = 218*u + 99. Suppose 5*h + 18 = p, -3*p + 2*p - 3*h = 6. What is the units digit of s(p)?
3
Suppose 685432 + 812729 + 256639 = 80*f. What is the hundreds digit of f?
9
Suppose -5*i = -x - 77572, 3*i + 199*x = 201*x + 46546. What is the tens digit of i?
1
Let f = 36 + -31. Suppose -f*c - 72 = -c. What is the tens digit of (-4)/c + 10/(-45) - -39?
3
Let y be (-4)/(-7) + 5085/105. Suppose 0 = -7*v - y + 434. What is the units digit of v?
5
Suppose -752 = -4*t + 4*o, o + 376 = t + t. Let g = -124 + t. Suppose -g*n + 63*n + 54 = 0. What is the units digit of n?
4
Let w be 3 - (-1433 - -9 - 3/1). Suppose -7*r + 9*r - w = 0. Suppose 3*f = -z + 560, 4*f + 0*z = 5*z + r. What is the units digit of f?
5
Suppose -37*v + 31673 = -31264. What is the tens digit of v?
0
Suppose 0 = -3*g - 4*h + 24782 + 9561, -5*g + 4*h = -57249. What is the thousands digit of g?
1
Suppose 5*x + 3*v = 61686, -31*x = -32*x - 3*v + 12354. What is the ten thousands digit of x?
1
Suppose -672 = -9*x + 327. Let i = x + -107. Suppose -752 = -i*r - 5*g + 21, -2*r + 2*g + 364 = 0. What is the hundreds digit of r?
1
Let a = 126 - 90. Suppose 3*x + a = 54. Suppose -x*r = 5*p - 4*r - 201, 2*p - 5*r - 92 = 0. What is the tens digit of p?
4
Let d(r) = 36*r**2 + 3*r + 6. Suppose 8*o + 40 = -12*o. What is the tens digit of d(o)?
4
Let m(r) = 7*r - 40. Let x be m(12). Let y be 1 + (-22)/18 - x/(-198). Suppose -3*a + 435 = 5*p, -4*p + a - 89 + 420 = y. What is the units digit of p?
4
Suppose -2*f - 28 = 4*y - 154, -3*y = 3*f - 174. Let r = f - 22. Let p = 80 - r. What is the tens digit of p?
4
Let o = -22530 - -24436. What is the hundreds digit of o?
9
Let h(v) = -6340*v - 110. Let o be h(-5). Suppose -28*r + o = -2*r. What is the tens digit of r?
1
Let j be ((30/4)/5 - 2)*-8. Let o be 1*(240/j)/(-4). Let u(y) = -y + 26. What is the tens digit of u(o)?
4
Suppose 5*x - 2421 = 4*x. Let n be (-2)/20 + x/(-90). Let j(g) = 2*g**2 + 49*g - 4. What is the units digit of j(n)?
1
What is the hundreds digit of 6499008/297 - (5 + (-265)/55)?
8
Suppose -u - 12 = -4*u. Suppose -u*n + 5*n - 416 = -3*c, -2*n - 3*c + 817 = 0. What is the units digit of n?
1
Suppose -4*x + 54390 = -5*t, 30 = 149*t - 154*t. What is the tens digit of x?
9
Suppose -u = -4*y + 1423, -7*y + 12 = -4*y. Let x = 2459 + u. What is the hundreds digit of x?
0
Let k be 3*12/9 - 4. Suppose k = -a + 5*a - 1084. Suppose -11*j + a = -1368. What is the hundreds digit of j?
1
Let g(j) = -2*j + 2 - 14*j + 8*j**2 + 3*j**2 + 10 + j**3. Let h be g(-12). What is the tens digit of (-446)/(-8) - 45/h?
5
Let q(s) = -s - 8. Let f be q(-11). Suppose 4 = 7*n - f. Suppose 3*l + n - 10 = 0. What is the units digit of l?
3
Suppose -15*i + 44*i = 0. Suppose 4*o + 12 = 0, t + i*t - o - 585 = 0. What is the hundreds digit of t?
5
Let l = -52 - -54. Suppose -i - l = -4. Suppose 5*c - 16 = -i*b + 15, 3*c + 36 = 3*b. What is the units digit of b?
3
Let d = 25596 - -40256. What is the units digit of d?
2
What is the thousands digit of (8 - 5)/((-27)/(-122913))?
3
Suppose j + 5*u - 15910 = 0, 25*u = j + 22*u - 15934. What is the thousands digit of j?
5
Suppose 379*l - 13320472 = -79*l. What is the thousands digit of l?
9
Let o(f) = 2884*f**2 + 686*f - 3. What is the ten thousands digit of o(-4)?
4
Suppose 0 = 4*j - 10 + 6. Suppose -9 = -4*l - j. What is the units digit of 525/10 + l/4?
3
Let h(t) = -2*t**2 - 11*t - 3. Let l be h(-5). Suppose 0 = -5*p + 3*d + 2385, 6*p - 1901 = l*p + d. Suppose 8*u + p = 11*u. What is the tens digit of u?
5
Suppose -n - h = -12, -3*n = 11*h - 9*h - 32. Suppose 3*t + 5*a + 4805 = n*t, -t = 4*a - 986. What is the tens digit of t?
6
Suppose -982 + 464 = 7*f. What is the hundreds digit of (3 + 69/(-6))*f?
6
Let a = 194 + -183. Suppose c - a*c + 2050 = 0. What is the tens digit of c?
0
Suppose -2 - 4 = 2*v. Let s(d) be the third derivative of -7*d**4/8 + 11*d**3/6 + d**2 + 56*d. What is the units digit of s(v)?
4
Let h be -2*2 - (-1079 - 15). What is the hundreds digit of h/(-6)*9/(-18)*6?
5
Let g(x) = x**3 - 9*x**2 + x - 7. Let j be g(9). Suppose -v = 4*y - 20, j*v = -5*y + 13 + 12. Suppose -y*l = -54 - 351. What is the tens digit of l?
8
What is the hundreds digit of -5 - ((-3207358)/14)/11?
8
Suppose q - 3*s + 2 = -s, -s - 4 = -3*q. Let b be (76/1 - -3) + q. Suppose b = -0*z + z - w, -z = -5*w - 89. What is the tens digit of z?
7
Let i(s) = 4*s - 89. Let r be 243/7 - (-12)/42. What is the units digit of i(r)?
1
Suppose -4*q - 5*u = -95858, -40485 = 5*q + 4*u - 160294. What is the hundreds digit of q?
9
Suppose -4*j + 8 = 0, 26*j - 24*j - 2 = -2*x. What is the units digit of 4/x*(28560/(-64) - -13)?
3
Let l(f) = 73*f**3 + f - 2. Let r be l(1). Suppose -6*j - r = -5*j. Let z = -12 - j. What is the units digit of z?
0
Let p be 2*((-120)/(-16) - -5). What is the thousands digit of 1182 - (p/(-15)*3 - -5)?
1
Let u(j) = 27*j**3 - 5*j + 2. Let s(n) = n. Let q be s(3). Suppose -5 = -4*t + q. What is the hundreds digit of u(t)?
2
Let z = -45 + 40. Let h = -8 - -22. What is the units digit of (-38)/z - (2 - h/10)?
7
Let y(d) = 4*d**3 + d**2 + 3*d + 8. Let k be y(-3). Let f be (k/15)/(((-4)/(-453))/(-2)). What is the hundreds digit of (-1)/(-2*5/f)?
1
Let a = -220 + 315. What is the thousands digit of ((-684)/a)/(4/(-630))?
1
Suppose -160*o + 340066 = 163383 - 1164917. What is the units digit of o?
5
Suppose 2*k - 6 = -2. Suppose -2*n = -3*l + 16, 7*l - 3*l + k*n = -2. Suppose 0 = q - l*h - 263, -64 = q + h - 339. What is the units digit of q?
1
Let g be (-1530)/(-21) + 2/14. Let y = g - 110. Let c = 41 + y. What is the units digit of c?
4
Let q(t) = -6*t - 66. Let y be q(-13). Let l(a) = a**3 - 11*a**2 + 29*a - 1. Let n be l(y). Let u = -338 + n. What is the hundreds digit of u?
1
Suppose -63*v + 1985397 = -709113. What is the thousands digit of v?
2
Suppose -9081 = -13*u + 6324. Suppose 886 = 3*k + w, -4*k + w + u = 6*w. What is the hundreds digit of k?
2
What is the hundreds digit of (-79)/4*-434 - (19 + 840/(-48))?
5
Let c(u) = 585*u**2 + 3*u + 4. Suppose w - 4 = 0, 5*s - w = -6*w + 15. What is the tens digit of c(s)?
8
Suppose 3*k = 5*f - 7, -5*k = -3*f - 0 + 1. What is the tens digit of k - 10/(-15)*198/2?
6
Suppose -4*y = -3*j + 4*j + 826, 3*j + 2464 = 2*y. Let q = j + 2069. What is the hundreds digit of q?
2
Suppose -8*c - 14 = -11*c - o, -3*c + 2*o = -26. What is the hundreds digit of 21954/24 + -2 + c/(-8)?
9
Suppose -2*s = 3*v, 2*s = -v + 1 - 5. Let p(t) = 177*t - 9. What is the units digit of p(v)?
5
Let i(t) = t**3 - 10*t**2 + 8*t + 1. Suppose -3*r + 36 = -3*k, 27 = 2*r - 0*r - 3*k. Let l be i(r). What is the units digit of (26/l)/(3/(-24))?
6
Let w = 27 - 27. Suppose w